e number?
True
Is 1548526831 composite?
True
Is 42462503 a prime number?
True
Is 8806691 a prime number?
False
Is 1230997 composite?
False
Is 1538776219 composite?
False
Is 14801723 a prime number?
False
Is 444269369 a prime number?
False
Is 6455179 prime?
False
Is 5568929 a composite number?
True
Is 24324329 prime?
True
Is 20505871 prime?
False
Is 111292703 a composite number?
True
Is 11622479 prime?
False
Is 632749 composite?
True
Is 904559 a composite number?
False
Is 66189881 a composite number?
True
Is 902198257 composite?
False
Is 59076131 a prime number?
True
Is 9075617 a prime number?
True
Is 18761903 a composite number?
False
Is 17903001 composite?
True
Is 12375263 composite?
False
Is 27344017 composite?
True
Is 855021 prime?
False
Is 4963139 prime?
False
Is 7007303 a prime number?
True
Is 68644871 a composite number?
True
Is 165443351 composite?
False
Is 34137011 a prime number?
True
Is 141085043 prime?
False
Is 3536437 prime?
True
Is 130140587 a prime number?
True
Is 108580085 composite?
True
Is 216725149 a prime number?
False
Is 7268167 a composite number?
True
Is 3265049 a composite number?
False
Is 3343177 composite?
True
Is 63660719 prime?
True
Is 221219 a composite number?
False
Is 11019559 prime?
True
Is 149760913 a prime number?
True
Is 340547809 prime?
False
Is 12503713 composite?
False
Is 390036623 prime?
False
Is 105802757 prime?
True
Is 208119383 a composite number?
True
Is 9682553 a prime number?
True
Is 13379285 a composite number?
True
Is 74957 prime?
False
Is 37020579 a composite number?
True
Is 10757987 prime?
True
Is 108947893 a prime number?
False
Is 9845119 prime?
False
Is 4020106 a prime number?
False
Is 1016819 a prime number?
False
Is 17898467 prime?
False
Is 3081361 a composite number?
False
Is 70746541 a composite number?
True
Is 5199301 prime?
True
Is 99137669 composite?
True
Is 6820769 composite?
False
Is 5325863 composite?
False
Is 1540321 a prime number?
True
Is 66968659 a prime number?
False
Is 4424417 composite?
True
Is 286631 a prime number?
False
Is 7696787 a prime number?
False
Is 143195753 prime?
True
Is 27435469 a prime number?
True
Is 275731 prime?
False
Is 7026223 a prime number?
False
Is 62505389 composite?
False
Is 212663 composite?
True
Is 2096357 a composite number?
False
Is 3575357 composite?
False
Is 526261 a prime number?
False
Is 18550853 prime?
False
Is 14978311 a prime number?
True
Is 31502431 composite?
False
Is 96598259 composite?
False
Is 8415223 composite?
True
Is 12786602 prime?
False
Is 150109561 composite?
True
Is 5088761 a composite number?
False
Is 207525743 a composite number?
True
Is 143947 a composite number?
False
Is 1952381 composite?
False
Is 4436459 prime?
True
Is 61407659 composite?
False
Is 7091011 prime?
False
Is 3705503 a composite number?
False
Is 19590071 prime?
True
Is 299719841 composite?
False
Is 726773 prime?
False
Is 23001397 a composite number?
False
Is 53209469 prime?
True
Is 1881743 a prime number?
False
Is 123307 a prime number?
True
Is 127396811 prime?
True
Is 3935351 prime?
False
Is 514625539 a composite number?
True
Is 2548993 a composite number?
True
Is 206782517 prime?
True
Is 18504337 prime?
True
Is 17330203 prime?
False
Is 206015723 a composite number?
False
Is 60182597 composite?
False
Is 178322663 prime?
True
Is 493847 composite?
True
Is 1761049 prime?
True
Is 93271621 a prime number?
True
Is 326375879 prime?
True
Is 6954653 a prime number?
False
Is 7160227 composite?
False
Is 4027699 composite?
True
Is 98996461 a prime number?
True
Is 1470941 composite?
False
Is 212504167 a prime number?
False
Is 28456063 a composite number?
False
Is 962995729 a composite number?
False
Is 1506013 a prime number?
False
Is 19219031 composite?
True
Is 776099 a prime number?
True
Is 86281471 prime?
True
Is 141659027 a prime number?
True
Is 90821621 prime?
False
Is 22897241 prime?
True
Is 18064771 a prime number?
False
Is 2545741 a prime number?
False
Is 807799 composite?
True
Is 37131631 prime?
True
Is 57573587 composite?
True
Is 92287457 prime?
True
Is 36671711 prime?
False
Is 38810831 composite?
False
Is 2460373 composite?
False
Is 4885669 composite?
False
Is 175151 a prime number?
False
Is 40241389 a composite number?
True
Is 48309757 a prime number?
True
Is 11155369 a composite number?
True
Is 74436541 prime?
False
Is 4564961 prime?
True
Is 7200841 prime?
False
Is 1848017 a prime number?
False
Is 4491401 prime?
True
Is 4868062 a prime number?
False
Is 57191701 composite?
True
Is 132183607 a prime number?
True
Is 561394199 composite?
True
Is 2754637 a prime number?
False
Is 22206711 prime?
False
Is 253759133 composite?
False
Is 729970921 a prime number?
False
Is 926371 a composite number?
True
Is 762040947 prime?
False
Is 401664619 prime?
True
Is 2702309 a prime number?
True
Is 39064481 a composite number?
True
Is 74362423 a prime number?
False
Is 543839 a composite number?
True
Is 18028646 prime?
False
Is 6928573 prime?
False
Is 27137783 a prime number?
True
Is 31151795 prime?
False
Is 130101007 a composite number?
True
Is 102871253 a prime number?
True
Is 2105759 a composite number?
False
Is 1516651 composite?
False
Is 109748971 a prime number?
True
Is 808069 a prime number?
False
Is 59051401 prime?
False
Is 4165927 composite?
False
Is 71895973 a prime number?
True
Is 16032733 a composite number?
True
Is 44880001 a prime number?
False
Is 7906697 a prime number?
True
Is 1988677 prime?
False
Is 2642641 composite?
True
Is 7441243 a composite number?
False
Is 3506591 a prime number?
False
Is 31943701 a prime number?
True
Is 1445557 a composite number?
False
Is 27931133 composite?
False
Is 2227831 composite?
False
Is 2654513 prime?
False
Is 49438289 a composite number?
True
Is 101898227 prime?
False
Is 7855177 prime?
False
Is 8597293 a composite number?
False
Is 41311223 a prime number?
True
Is 6943133 a composite number?
True
Is 378997 a prime number?
True
Is 26371 a prime number?
True
Is 248134615 a composite number?
True
Is 2391761 a composite number?
True
Is 53825173 a composite number?
True
Is 37345323 prime?
False
Is 190911073 a composite number?
True
Is 9002779 a composite number?
False
Is 873655117 a prime number?
True
Is 5547158 prime?
False
Is 20410759 a composite number?
False
Is 82131271 prime?
False
Is 37086131 a prime number?
True
Is 3238309 prime?
True
Is 11175943 a prime number?
True
Is 106953631 prime?
False
Is 1656491 a prime number?
True
Is 68325371 composite?
False
Is 465463 a prime number?
True
Is 43403861 a prime number?
True
Is 91703881 composite?
True
Is 85133827 a prime number?
False
Is 53708123 a composite number?
True
Is 1720461 composite?
True
Is 296273843 a composite number?
True
Is 2543839 prime?
False
Is 35066693 prime?
True
Is 171337 composite?
True
Is 229277603 composite?
False
Is 5507 a composite number?
False
Is 21356333 composite?
True
Is 30555353 prime?
True
Is 362450851 a prime number?
False
Is 79154657 a prime number?
True
Is 18582778 prime?
False
Is 49195214 a prime number?
False
Is 9711733 composite?
False
Is 3315271 a prime number?
True
Is 2026799 a prime number?
True
Is 6725162 a prime number?
False
Is 462473 prime?
False
Is 17794771 a composite number?
False
Is 1822307 a composite number?
False
Is 1576727 prime?
False
Is 277160021 a composite number?
False
Is 268653469 a composite number?
True
Is 3573818 a prime number?
False
Is 10990383 a composite number?
True
Is 7031809 composite?
True
Is 5216663 a composite number?
False
Is 44813527 composite?
True
Is 319889753 a prime number?
False
Is 376351 a prime number?
True
Is 27146363 a composite number?
False
Is 411469 composite?
False
Is 5783969 prime?
True
Is 562577 composite?
False
Is 61005967 composite?
True
Is 10199777 composite?
True
Is 1838903 a prime number?
False
Is 2632451 prime?
False
Is 323847607 a prime number?
False
Is 309864089 composite?
False
Is 6869162 composite?
True
Is 886163 a prime number?
True
Is 6214511 prime?
True
Is 21382951 a prime number?
False
Is 1292338 composite?
True
Is 25300109 a prime number?
True
Is 542641 prime?
False
Is 7878739 prime?
False
Is 6587477 composite?
True
Is 4979543 prime?
False
Is 8159077 prime?
False
Is 112252186 composite?
True
Is 1492303 prime?
True
Is 81633907 a composite number?
True
Is 50127959 a composite number?
True